{"id":332,"date":"2023-05-01T12:36:43","date_gmt":"2023-05-01T10:36:43","guid":{"rendered":"https:\/\/chirurgietisnov.cz\/?page_id=332"},"modified":"2026-02-13T19:05:44","modified_gmt":"2026-02-13T18:05:44","slug":"cenik-psychiatricke-pece","status":"publish","type":"page","link":"https:\/\/chirurgietisnov.cz\/index.php\/cenik-psychiatricke-pece\/","title":{"rendered":"Cen\u00edk psychiatrick\u00e9 p\u00e9\u010de"},"content":{"rendered":"\n<h5 class=\"wp-block-heading has-text-align-center\"><strong>L\u00e9ka\u0159sk\u00e9 v\u00fdkony- nepoji\u0161t\u011bn\u00ed klienti \u010di klienti nesmluvn\u00edch poji\u0161\u0165oven:<\/strong><\/h5>\n\n\n\n<figure class=\"wp-block-table\"><table><tbody><tr><td><strong>N\u00e1zev\/popis placen\u00e9ho \u00fakonu<\/strong><strong><\/strong><\/td><td class=\"has-text-align-center\" data-align=\"center\"><strong>Cena celkem<\/strong><strong><\/strong><\/td><\/tr><tr><td>Komplexn\u00ed psychiatrick\u00e9 vy\u0161et\u0159en\u00ed&nbsp;<\/td><td class=\"has-text-align-center\" data-align=\"center\">2450 K\u010d<\/td><\/tr><tr><td>C\u00edlen\u00e9 psychiatrick\u00e9 vy\u0161et\u0159en\u00ed&nbsp;<\/td><td class=\"has-text-align-center\" data-align=\"center\">1250 K\u010d<\/td><\/tr><tr><td>Kontroln\u00ed psychiatrick\u00e9 vy\u0161et\u0159en\u00ed<\/td><td class=\"has-text-align-center\" data-align=\"center\">650 K\u010d<\/td><\/tr><tr><td>Pohovor s rodinn\u00fdm p\u0159\u00edslu\u0161n\u00edkem na \u017e\u00e1dost pac.<\/td><td class=\"has-text-align-center\" data-align=\"center\">600 K\u010d<\/td><\/tr><tr><td>Aplikace injekce i.m ( cena bez \u00fa\u010dinn\u00e9 l\u00e1tky)<\/td><td class=\"has-text-align-center\" data-align=\"center\">50 K\u010d<\/td><\/tr><tr><td>Telefonick\u00e1 konzultace<\/td><td class=\"has-text-align-center\" data-align=\"center\">125 K\u010d<\/td><\/tr><tr><td>P\u0159edepisovan\u00e9 l\u00e9\u010divo (na receptu)<\/td><td class=\"has-text-align-center\" data-align=\"center\">dle aktu\u00e1ln\u00ed ceny v l\u00e9k\u00e1rn\u011b<\/td><\/tr><tr><td>Doporu\u010den\u00e1 vy\u0161et\u0159en\u00ed (psychologick\u00e9, CT, laboratorn\u00ed&#8230;)<\/td><td class=\"has-text-align-center\" data-align=\"center\">dle cen\u00edku posytovatele<\/td><\/tr><\/tbody><\/table><\/figure>\n\n\n\n<h5 class=\"wp-block-heading has-text-align-center\"><strong>Cen\u00edk v\u00fdkon\u016f nehrazen\u00fdch z&nbsp;ve\u0159ejn\u00e9ho zdravotn\u00edho poji\u0161t\u011bn\u00ed<\/strong><\/h5>\n\n\n\n<p class=\"has-text-align-center\">Pozn.: Vyd\u00e1n\u00ed n\u00e1lezu bude k dispozici nejd\u00e9le do deseti pracovn\u00edch dn\u016f od zaplacen\u00ed.<\/p>\n\n\n\n<figure class=\"wp-block-table\"><table><tbody><tr><td><strong>N\u00e1zev\/popis placen\u00e9ho \u00fakonu<\/strong><\/td><td class=\"has-text-align-center\" data-align=\"center\"><strong>Cena&nbsp;celkem<\/strong><\/td><\/tr><tr><td>Odborn\u00e1 konzultace (nap\u0159. n\u00e1lez\u016f z&nbsp;jin\u00e9ho zdravotnick\u00e9ho za\u0159\u00edzen\u00ed) ka\u017ed\u00e1 zapo\u010dat\u00e1 hodina<\/td><td class=\"has-text-align-center\" data-align=\"center\">700 K\u010d<\/td><\/tr><tr><td>Kop\u00edrov\u00e1n\u00ed &#8211; jednostrann\u00e9 A4<\/td><td class=\"has-text-align-center\" data-align=\"center\">4 K\u010d<\/td><\/tr><tr><td>L\u00e9ka\u0159sk\u00fd n\u00e1lez vydan\u00fd v souvislosti se zji\u0161\u0165ovac\u00ed prohl\u00eddkou k invalidn\u00edmu d\u016fchodu<\/td><td class=\"has-text-align-center\" data-align=\"center\">700 K\u010d<\/td><\/tr><tr><td>L\u00e9ka\u0159sk\u00fd n\u00e1lez vydan\u00fd v souvislosti s kontroln\u00ed prohl\u00eddkou k invalidn\u00edmu d\u016fchodu<\/td><td class=\"has-text-align-center\" data-align=\"center\">450 K\u010d<\/td><\/tr><tr><td>L\u00e9ka\u0159sk\u00fd n\u00e1lez vydan\u00fd v souvislosti se \u017e\u00e1dost\u00ed pacienta k n\u00e1stupu do domova d\u016fchodc\u016f, do \u00fastavu soci\u00e1ln\u00ed p\u00e9\u010de, do domu s pe\u010dovatelskou slu\u017ebou, pro vy\u0159\u00edzen\u00ed p\u0159\u00edsp\u011bvku na p\u00e9\u010di<\/td><td class=\"has-text-align-center\" data-align=\"center\">500 K\u010d<\/td><\/tr><tr><td>Potvrzen\u00ed pro pracovn\u011b-l\u00e9ka\u0159sk\u00e9 slu\u017eby (p\u0159ed n\u00e1stupem pacienta do zam\u011bstn\u00e1n\u00ed), pro \u00da\u0159ad pr\u00e1ce<\/td><td class=\"has-text-align-center\" data-align=\"center\">500 K\u010d<\/td><\/tr><tr><td>Potvrzen\u00ed pro pot\u0159eby studuj\u00edc\u00edch (individu\u00e1ln\u00ed pl\u00e1ny, \u00falevy atd.)<\/td><td class=\"has-text-align-center\" data-align=\"center\">150 K\u010d<\/td><\/tr><tr><td>V\u00fdpis ze zdravotnick\u00e9 dokumentace<\/td><td class=\"has-text-align-center\" data-align=\"center\">500 K\u010d<\/td><\/tr><tr><td>Jak\u00e9koliv jin\u00e9 potvrzen\u00ed \u010di vypln\u011bn\u00ed formul\u00e1\u0159e na \u017e\u00e1dost pacienta (nap\u0159. p\u0159i uzav\u00edr\u00e1n\u00ed komer\u010dn\u00edho poji\u0161t\u011bn\u00ed, p\u0159i pln\u011bn\u00ed pojistn\u00e9 ud\u00e1losti atd.)<\/td><td class=\"has-text-align-center\" data-align=\"center\">400 K\u010d<\/td><\/tr><tr><td>Potvrzen\u00ed vydan\u00e9 v souvislosti se \u017e\u00e1dost\u00ed o vyj\u00e1d\u0159en\u00ed ke zp\u016fsobilosti&nbsp;\u0158MV + jin\u00fdch dopravn\u00edch prost\u0159edk\u016f (pouze u registrovan\u00fdch pacient\u016f)<\/td><td class=\"has-text-align-center\" data-align=\"center\">1000 K\u010d<\/td><\/tr><tr><td>Potvrzen\u00ed vydan\u00e9 v souvislosti se \u017e\u00e1dost\u00ed o vyd\u00e1n\u00ed, zp\u016fsobilosti \u010di obnov\u011b zbrojn\u00edho pr\u016fkazu (pouze u registrovan\u00fdch pacient\u016f)<\/td><td class=\"has-text-align-center\" data-align=\"center\">1000 K\u010d<\/td><\/tr><\/tbody><\/table><\/figure>\n","protected":false},"excerpt":{"rendered":"<p>L\u00e9ka\u0159sk\u00e9 v\u00fdkony- nepoji\u0161t\u011bn\u00ed klienti \u010di klienti nesmluvn\u00edch poji\u0161\u0165oven: N\u00e1zev\/popis placen\u00e9ho \u00fakonu Cena celkem Komplexn\u00ed psychiatrick\u00e9 vy\u0161et\u0159en\u00ed&nbsp; 2450 K\u010d C\u00edlen\u00e9 psychiatrick\u00e9 vy\u0161et\u0159en\u00ed&nbsp; 1250 K\u010d Kontroln\u00ed psychiatrick\u00e9 vy\u0161et\u0159en\u00ed 650 K\u010d Pohovor s rodinn\u00fdm p\u0159\u00edslu\u0161n\u00edkem na \u017e\u00e1dost pac. 600 K\u010d Aplikace injekce i.m ( cena bez \u00fa\u010dinn\u00e9 l\u00e1tky) 50 K\u010d Telefonick\u00e1 konzultace 125 K\u010d P\u0159edepisovan\u00e9 l\u00e9\u010divo (na receptu) [&hellip;]<\/p>\n","protected":false},"author":1,"featured_media":0,"parent":0,"menu_order":0,"comment_status":"closed","ping_status":"closed","template":"","meta":{"footnotes":""},"_links":{"self":[{"href":"https:\/\/chirurgietisnov.cz\/index.php\/wp-json\/wp\/v2\/pages\/332"}],"collection":[{"href":"https:\/\/chirurgietisnov.cz\/index.php\/wp-json\/wp\/v2\/pages"}],"about":[{"href":"https:\/\/chirurgietisnov.cz\/index.php\/wp-json\/wp\/v2\/types\/page"}],"author":[{"embeddable":true,"href":"https:\/\/chirurgietisnov.cz\/index.php\/wp-json\/wp\/v2\/users\/1"}],"replies":[{"embeddable":true,"href":"https:\/\/chirurgietisnov.cz\/index.php\/wp-json\/wp\/v2\/comments?post=332"}],"version-history":[{"count":6,"href":"https:\/\/chirurgietisnov.cz\/index.php\/wp-json\/wp\/v2\/pages\/332\/revisions"}],"predecessor-version":[{"id":423,"href":"https:\/\/chirurgietisnov.cz\/index.php\/wp-json\/wp\/v2\/pages\/332\/revisions\/423"}],"wp:attachment":[{"href":"https:\/\/chirurgietisnov.cz\/index.php\/wp-json\/wp\/v2\/media?parent=332"}],"curies":[{"name":"wp","href":"https:\/\/api.w.org\/{rel}","templated":true}]}}